*r + 198. Determine f(28).
422
Let n(v) = 7423*v - 7419. Determine n(1).
4
Let o(i) = -949*i - 8547. Calculate o(-9).
-6
Let f(m) = 34*m + 104. Calculate f(-2).
36
Let h(r) = -49*r + 727. Give h(15).
-8
Let d(i) = -i**3 - 15*i**2 - 67*i - 75. Determine d(-8).
13
Let i(w) = 311*w**2 + 286*w + 1. Calculate i(-1).
26
Let g(c) = 58*c + 597. Determine g(-10).
17
Let z(p) = -p**3 + 13*p**2 - p + 6. Determine z(14).
-204
Let z(p) = -13*p**2 + 1816*p - 1258. What is z(139)?
-7
Let r(p) = 2*p**3 - 16*p**2 - 39*p + 172. Give r(9).
-17
Let l(a) = -a**3 - 110*a**2 + 384*a + 5061. Calculate l(-113).
-24
Let p(d) = -4*d**2 + 223*d + 297. Give p(57).
12
Let r(m) = -m**2 - 18*m - 108. Calculate r(-15).
-63
Let p(k) = -49*k**3 + 1372*k**2 - k + 22. What is p(28)?
-6
Let p(u) = -25*u + 44. Determine p(3).
-31
Let p(o) = o**2 - 4*o - 19. Calculate p(-14).
233
Let o(h) = -h**2 + 16*h - 82. What is o(26)?
-342
Let c(r) = 132*r**2 - 1082*r - 953. What is c(9)?
1
Let s(b) = -57*b**2 + 9627*b + 1010. Give s(169).
-4
Let q(n) = 638*n**3 - n**2 + n + 1. Give q(1).
639
Let h(r) = 332*r - 32534. Calculate h(98).
2
Let d(p) = -251*p + 2039. Determine d(8).
31
Let m(i) = -i**3 + 18*i**2 - 43*i - 7. Determine m(15).
23
Let z(t) = -2*t**2 + 328*t + 3731. Determine z(-11).
-119
Let c(p) = -129*p + 842. What is c(0)?
842
Let d(k) = 6*k**3 + 3*k**2 + 14*k + 3. Determine d(4).
491
Let w(p) = p**3 + 82*p**2 - 618*p + 369. Calculate w(-89).
-76
Let d(m) = -10*m**2 + 177*m - 769. Give d(9).
14
Let n(t) = -33*t - 853. Determine n(-25).
-28
Let k(n) = -10*n + 100. What is k(5)?
50
Let d(k) = -171*k + 3257. Give d(19).
8
Let n(s) = 8*s**2 - 120*s. Give n(15).
0
Let s(w) = 1139*w - 12526. Calculate s(11).
3
Let u(f) = -10*f**2 - 8*f + 23. Calculate u(3).
-91
Let g(w) = -209*w - 1471. Give g(-7).
-8
Let u(p) = p**3 - 21*p**2 - 3*p + 456. Calculate u(20).
-4
Let f(o) = 39*o**2 - 12*o + 12. Determine f(1).
39
Let i(h) = h**3 + 2*h**2 - 2*h + 4. Give i(6).
280
Let h(p) = -p**2 - 48*p + 46. What is h(-6)?
298
Let l(w) = 4*w**3 + 112*w**2 + w + 20. Calculate l(-28).
-8
Let m(x) = x**3 + 15*x**2 + 7*x + 15. What is m(-14)?
113
Let n(i) = -456*i + 129. What is n(0)?
129
Let i(k) = k**2 - 197*k - 18350. What is i(-69)?
4
Let c(u) = 731*u - 6577. Calculate c(9).
2
Let p(y) = 2*y**3 - 9*y**2 + 11*y - 7. Give p(2).
-5
Let r(h) = h**3 - h**2 - 19*h - 45. Give r(-4).
-49
Let w(o) = -30*o**3 + 1289*o**2 + 42*o + 38. What is w(43)?
-5
Let s(v) = 2*v**2 - 14*v - 370. What is s(-11)?
26
Let s(y) = -y**3 - 41*y**2 - 287*y + 30. Give s(-32).
-2
Let i(m) = m**3 + 16*m**2 + 14*m - 7. Give i(-12).
401
Let h(j) = j**3 - 5*j**2 + 4*j + 13. What is h(8)?
237
Let x(m) = 4*m**2 + 33*m + 248. Determine x(-7).
213
Let u(n) = 2*n**2 + 19*n - 10. Determine u(-10).
0
Let x(r) = r**3 + 14*r + 10. Calculate x(-3).
-59
Let k(p) = -2*p**2 - 72*p + 2711. What is k(-59)?
-3
Let v(c) = -13*c + 800. Give v(95).
-435
Let m(t) = -22*t**3 + 4*t**2 + 12*t + 22. Determine m(-2).
190
Let r(a) = -5*a**2 + 17*a + 176. Calculate r(8).
-8
Let b(y) = -2*y**3 + 18*y**2 + 26*y - 269. Give b(9).
-35
Let m(d) = -89*d**2 - 245*d + 3. Give m(-3).
-63
Let z(t) = 16*t + 1778. Determine z(-111).
2
Let w(i) = i**3 - 25*i**2 - 28*i + 42. Give w(26).
-10
Let n(m) = -273*m - 2449. What is n(-9)?
8
Let u(t) = -t**3 - t**2 + 6*t + 1. What is u(-3)?
1
Let u(i) = i**3 - 3*i**2 - 59*i - 22. Calculate u(-6).
8
Let j(v) = 82*v**3 - 6*v**2 + 3*v + 1. Determine j(1).
80
Let c(d) = -18*d**2 + 864*d - 24. What is c(48)?
-24
Let q(l) = 8*l**2 - 313*l - 963. What is q(-3)?
48
Let h(y) = 14*y + 482. Calculate h(-10).
342
Let s(a) = 5*a**3 - 27*a**2 + 40*a - 210. Determine s(5).
-60
Let b(w) = -197*w - 1384. Give b(-7).
-5
Let a(q) = -q**2 + 241*q - 8893. Give a(46).
77
Let b(f) = f**3 - 204*f**2 + 1680*f + 680. Calculate b(9).
5
Let s(h) = 16*h + 1132. Calculate s(-71).
-4
Let p(v) = 3*v**3 + 16*v**2 - 39*v + 3. What is p(2)?
13
Let r(d) = -d**3 - 13*d**2 + 56*d + 822. Determine r(-9).
-6
Let i(m) = m**3 - 74*m**2 - 55*m - 1526. Calculate i(75).
-26
Let w(z) = -11*z**2 + 15*z - 124. What is w(6)?
-430
Let u(z) = -6*z**3 - 23*z**2 + 4*z + 2. Determine u(-4).
2
Let q(y) = y**3 + 144*y**2 + 147*y + 534. What is q(-143)?
-38
Let a(c) = c**3 + 35*c**2 + 70*c + 145. Give a(-33).
13
Let h(w) = w**3 + 6*w**2 - 26*w + 6. Give h(-9).
-3
Let z(g) = -105*g - 638. Determine z(-6).
-8
Let r(a) = -a**3 + 11*a**2 - 176*a + 731. Give r(5).
1
Let v(r) = r**3 - 9*r**2 + 8*r + 3. Determine v(9).
75
Let c(q) = 16*q**2 + 403*q - 1828. Give c(4).
40
Let p(s) = -194*s**2 - 2*s - 3. Determine p(-1).
-195
Let h(z) = -z**3 - 44*z**2 + 89*z - 94. Calculate h(-46).
44
Let k(m) = -m + 31. What is k(-6)?
37
Let w(s) = -77*s**3 + 8*s**2 - 18*s + 10. What is w(1)?
-77
Let n(q) = 13*q**2 + 15*q + 1. Determine n(-4).
149
Let g(y) = -2553*y - 66373. Determine g(-26).
5
Let v(r) = -r**3 + 50*r**2 - 41*r - 434. Determine v(49).
-42
Let m(t) = -t**3 + 29*t**2 - 276*t + 8010. Give m(29).
6
Let h(d) = 2*d**3 + 21*d**2 - 18*d - 15. Give h(-13).
-626
Let y(a) = -16*a + 820. Calculate y(50).
20
Let a(f) = 156*f - 705. Give a(9).
699
Let i(v) = -v**2 - 26*v + 135. What is i(-25)?
160
Let t(y) = y**2 + 3*y - 1632. Determine t(39).
6
Let v(b) = -5*b**2 - 1355*b + 2724. What is v(-273)?
-6
Let s(w) = -45*w - 768. What is s(-10)?
-318
Let z(d) = 3*d**2 + 35*d + 13. What is z(-7)?
-85
Let s(o) = o**3 - 2*o**2 - 37*o + 177. Calculate s(6).
99
Let j(u) = -2*u**3 + 7*u**2 + 70*u + 15. Give j(8).
-1
Let d(m) = m**3 - 38*m**2 - 215*m + 20. Give d(43).
20
Let r(t) = t**3 - 20*t**2 + 62*t - 465. Give r(18).
3
Let r(m) = -m**3 - 15*m**2 + 18*m - 18. Calculate r(-16).
-50
Let g(r) = r**3 + 7*r**2 + 12*r + 12. Determine g(-8).
-148
Let f(j) = 9*j**2 + 227*j - 15. What is f(-25)?
-65
Let b(t) = -t**2 - 6*t - 12. Calculate b(6).
-84
Let r(c) = -2*c**3 - 66*c**2 - 63*c + 31. Determine r(-32).
-1
Let d(n) = -7*n**2 - 15. Calculate d(4).
-127
Let m(j) = 4*j**2 + 72*j + 34. Determine m(-19).
110
Let z(i) = 340*i - 6802. What is z(20)?
-2
Let s(b) = b**3 - 4*b**2 + 9*b + 13. Give s(5).
83
Let z(q) = -q**3 - 6*q**2 + 34*q - 66. Calculate z(-10).
-6
Let j(x) = x**3 + 25*x**2 - 73*x - 1217. Determine j(-26).
5
Let p(g) = -5*g**3 + 2*g**2 - 11*g - 17. What is p(-2)?
53
Let r(i) = -i**3 - 4*i**2 + 554*i + 2747. What is r(-5)?
2
Let g(n) = 2*n**3 + 9*n**2 - 57*n - 24. What is g(-8)?
-16
Let u(l) = -11*l**2 - 734*l + 114. What is u(-66)?
642
Let u(c) = c**3 - 21*c**2 + 30*c + 60. Give u(18).
-372
Let o(k) = 168*k + 704. Calculate o(-4).
32
Let t(a) = -34*a**2 + 250*a + 498. What is t(-2)?
-138
Let k(r) = -7*r**3 - 26*r**2 + 79*r + 104. What is k(-1)?
6
Let v(r) = -27*r**3 + 25*r - 25. What is v(1)?
-27
Let q(s) = -2*s**2 + 11*s - 49. Determine q(8).
-89
Let z(m) = m**3 + m**2 + 82*m + 325. Give z(-4).
-51
Let t(l) = -21*l - 1428. Calculate t(-68).
0
Let t(d) = -2233*d - 29036. What is t(-13)?
-7
Let v(g) = 5*g - 36. Calculate v(-4).
-56
Let o(h) = -51*h - 921. Determine o(-19).
48
Let i(a) = 5*a**2 - 24*a + 5. What is i(4)?
-11
Let d(n) = 64*n - 4238. What is d(66)?
-14
Let c(a) = -4884*a - 24418. Give c(-5).
2
Let r(q) = 3*q**2 - 26*q - 80. Determine r(11).
-3
Let v(u) = -2*u**3 - 182*u**2 + 2*u + 105. What is v(-91)?
-77
Let i(d) = 4*d**2 + 69*d + 32. Determine i(-14).
-150
Let y(f) = -f**3 - 54*f**2 - 69*f - 805. What is y(-53)?
43
Let h(t) = -5*t**3 - 340*t**2 + 2*t + 103. Determine h(-68).
-33
Let d(y) = 128*y**2 + 637*y - 16. Calculate d(-5).
-1
Let t(s) = s**3 + 6*s**2 + 351*s + 1027. What is t(-3)?
1
Let o(i) = -11*i + 214. Give o(3).
181
Let l(d) = -d**3 + 50*d**2 - 577*d - 228. What is l(19)?
0
Let y(j) = -199*j**2 + 394*j + 16. Give y(2).
8
Let h(w) = -6*w**2 + 89*w - 324. What is h(9)?
-9
Let k(p) = 6*p**2 + 109*p + 1. Give k(-13).
-402
Let v(h) = 22*h - 100. Give v(-7).
-254
Let i(o) = 2*o**3 - 58*o**2 - 18203*o - 114. Calculate i(111).
-3
Let y(p) = -18*p**2 - 1205*p + 50. Determine y(-67).
-17
Let n(b) = -b**3 + 5*b**2 - 8*b + 3. Calculate n(6).
-81
Let b(q) = 187*q - 4923. Calculate b(26).
-61
Let k(i) = -i**3 - 26*i**2 - 44*i + 89. Calculate k(-24).
-7
Let m(j) = 3*j**2 - 1150*j + 7932. What is m(7)?
29
Let z(p) = p**2 + 32*p + 311. Determine z(-16).
55
Let t(p) = -5*p**3 + 68*p**2 + 29*p. What is t(14)?
14
Let o(